be 0 - (2 + 28/(-2)). Suppose -16*u + 17*u + v = 0. What is the remainder when 6088/48 - 5 - 2/u is divided by 21?
17
Let l be (-29)/(-3) - (-2)/6. Suppose -9 = 26*m + 28*m - 63. What is the remainder when -76*(m - 25/l) is divided by 17?
12
Suppose 0 = -6*o + 9*o - 138. Suppose -23*p = -21*p - o. Suppose 0 = 5*v - 42 + 2. Calculate the remainder when p is divided by v.
7
Let g = 226 + -50. Let r(v) = 2*v**3 + 416*v**2 - 878*v - 7953. Calculate the remainder when g is divided by r(-210).
14
Let k = 3477 - 3463. Let s = -60 - -89. What is the remainder when s is divided by k?
1
What is the remainder when 1104*(-8 + (-27 - -48)) is divided by 33?
30
Let z(b) = -b**2 + 2*b. Let m(p) = -p**3 - 34*p**2 + 44*p + 53. Let q(o) = -m(o) + 5*z(o). Calculate the remainder when q(-30) is divided by 40.
27
Let n(q) = -11*q + 82. Let z be n(6). Suppose y - 86 = -5*s, -2*s + 5*y + z + 40 = 0. What is the remainder when 85 is divided by s?
13
Let a(i) = 981*i + 2951. Calculate the remainder when 2084 is divided by a(-3).
4
Let s = 68 - 66. Suppose -75 + 97 = s*n. What is the remainder when 48 is divided by n?
4
Let i be 15/((-135)/(-36)) - -14. Calculate the remainder when 18 is divided by (i/21)/(38/133).
0
Let v(t) = t**2 + 5*t + 3. Let r be v(-10). Suppose 4*c - r - 3 = 0. Suppose 109 - c = 5*u. Calculate the remainder when u is divided by 7.
5
Let v(p) = 185 - 89 + 46*p - 6*p**2 - 93. Calculate the remainder when 183 is divided by v(7).
28
Let g = 27 + -3. Suppose -13*s = -s - 1752. Let y = s - 99. Calculate the remainder when y is divided by g.
23
Let c(q) = q**3 + 13*q**2 - 21*q - 81. Let n = -694 - -680. What is the remainder when c(n) is divided by 16?
1
Let f(t) = -5*t**3 - 339*t**2 + 65*t - 137. What is the remainder when 523 is divided by f(-68)?
54
Let j(t) = 210*t + 31. Calculate the remainder when j(9) is divided by 7.
3
Let k be (-2)/2*78/(-6). Let g = -23 + k. Let y(v) = 2*v**2 + 13*v - 19. What is the remainder when y(g) is divided by 13?
12
Suppose 0 = -3*n + 5*p + 5831, 679*n - 674*n - 3*p = 9681. What is the remainder when n is divided by 40?
12
Let s = -196 + 403. Calculate the remainder when s is divided by (-27 - -29)/(((-4)/19)/(-2)).
17
Let v(b) = 4*b**2 + 3*b + 1. Let x be v(-1). Let c(r) = 15*r**3 - r**x - 3*r - 16*r**3 - r - 2*r**2 + 4. Calculate the remainder when c(-3) is divided by 3.
1
Suppose 17*y = -3*y + 1500. Let f = y + -67. Calculate the remainder when 13 is divided by f.
5
Let n = -36 - -49. Let o = 60 - n. What is the remainder when (-10)/100 + (-2341)/(-10) is divided by o?
46
Let p = 3728 - 3667. Calculate the remainder when 540 is divided by p.
52
What is the remainder when 482 is divided by (-1886)/(-30) + 2/(-10) - (-70)/(-105)?
48
Let h(j) = j**3 - 15*j**2 + 16. Let v = -395 + 533. What is the remainder when v is divided by h(15)?
10
Let q(i) = 8*i - 24. Let t be q(-3). Let f = 259 + t. Calculate the remainder when f is divided by 12.
7
Suppose k - 3 + 2 = -4*b, b + 4*k + 11 = 0. Suppose 7 = 6*i + b. Suppose -4*m = -5*o + 181, -3 + i = -2*m. What is the remainder when o is divided by 13?
11
Suppose -4*r + 4 = -8. Let c = -231 - -367. Suppose v + c = r*v. What is the remainder when v is divided by 14?
12
Suppose 17*v - 12*v = v + 252. What is the remainder when 309 is divided by v?
57
Let n(w) = -68*w - 41. Let p be n(-9). Suppose -5*q + p - 21 = 0. What is the remainder when q is divided by 37?
36
Calculate the remainder when 6649 is divided by (-620643)/(-6538) - (-2)/28.
94
Let a(n) = 13*n + 103. Let d be a(-7). Suppose d*y - 53*y + 3321 = 0. Calculate the remainder when y is divided by 28.
25
Let f(c) = c**3 + 6*c**2 - 5*c + 2. Let l be f(-6). Let g = l + -38. Let j(o) = -4*o - 12. What is the remainder when j(g) is divided by 8?
4
Suppose 0 = -63*k + 58*k + 200. Let m(j) = j**3 - 40*j**2 - j + 53. Calculate the remainder when 101 is divided by m(k).
10
Let x(w) = -w**3 - 2*w**2 + 6*w - 4. Let u be x(2). Let y(i) = -11*i - 61. What is the remainder when 51 is divided by y(u)?
24
Let l(v) = 159*v**3 - 31*v**2 + 27*v + 3. Calculate the remainder when 10898 is divided by l(1).
154
Let b(c) = -c**3 - 12*c**2 + 3*c - 119. What is the remainder when 284 is divided by b(-13)?
9
Let r(l) = 9*l + 43 - 10 + 14*l - 22*l. Let k be r(14). Let j = -37 + k. Calculate the remainder when 117 is divided by j.
7
Suppose -2*u - 57 = -151. Suppose 115 = 41*d - 18*d. What is the remainder when u is divided by d?
2
Suppose 35 = 3*a + 2*a. Suppose 4*r = 59 - a. Calculate the remainder when r is divided by (5/16)/(186/2976).
3
Let g(v) = 53*v**3 - 2*v**2 + 6*v**2 - 52*v**3 + 6*v**2 + 2*v - 17. What is the remainder when 179 is divided by g(-9)?
41
Let l = -458 - -848. Let o = l - 357. What is the remainder when 63 is divided by o?
30
Suppose 16*n - 571452 = -85*n + 17*n. What is the remainder when n is divided by 36?
35
Suppose -4*y - 1112 = -3*a - 557, a - 4*y = 169. Calculate the remainder when 1005 is divided by a.
40
Suppose 66*a = 69*a, -5*a = 2*j - 190. What is the remainder when j is divided by 3?
2
Let r = 281 + -257. Suppose 2*p = r + 16. Calculate the remainder when 58 is divided by p.
18
Let v be (-480)/(-9) + (-2)/6. Suppose v = 5*y - 122. Let p(h) = 27*h - 26. Calculate the remainder when p(6) is divided by y.
31
Suppose 2*q + 2 + 0 = 0, 486 = 3*c + 3*q. Suppose -4*h - 3*j + c = -653, -2*j - 595 = -3*h. Let t = h - 110. What is the remainder when t is divided by 46?
45
Let p = -7541 + 7550. Suppose q - 84 = -q. Calculate the remainder when q is divided by p.
6
Let p(y) be the second derivative of -3*y**3/2 + 29*y**2 + 13*y - 1. What is the remainder when p(-19) is divided by 21?
19
Let h be ((-10)/45)/(11/((-495)/10)). Calculate the remainder when 105 is divided by ((16/(-4))/(-4))/(h/39).
27
Suppose 29*n - 30*n - 40 = 0. What is the remainder when n/7*(-2170)/124 is divided by 3?
1
Suppose 383 = -2*u + 89. Let b = u - -396. Calculate the remainder when b is divided by 63.
60
Let g = -1561 - -1574. What is the remainder when 142 is divided by g?
12
Let d = 2674 + -2661. Calculate the remainder when 1151 is divided by d.
7
Let z = 3490 - 3436. What is the remainder when 2537 is divided by z?
53
Suppose -5*l - 3*f = 2*f + 28380, -3*l + 3*f = 17052. What is the remainder when l/(-25) - (-2)/(-10) is divided by 57?
56
Let n(c) = -c**2 + 201*c - 4539. What is the remainder when n(49) is divided by 967?
8
Let f = -4 + 7. Suppose -2*z + 4*g = -g - 27, 5*z - 4*g = 25. Suppose 7 + z = 4*b. Calculate the remainder when f is divided by b.
1
Let x = -132 + 143. Suppose -x*h - 195 = -16*h. Let f = h + -5. What is the remainder when 99 is divided by f?
31
What is the remainder when 250 is divided by (-19)/(-57)*(124/1 + (-26)/(-13))?
40
Suppose -3*r - 3*c = -r - 32, 5*c = 5*r - 55. Suppose -2*w = -4*w + 62. Suppose w*h - 114 = 28*h. What is the remainder when h is divided by r?
12
Let y = 477 + 47. Suppose -193*a = -195*a + y. Calculate the remainder when a is divided by 88.
86
Let q be -2 - (-4 + 8 - 11). Suppose 61 = q*r - 4*t, 10 = 2*r + t + t. What is the remainder when r is divided by 1?
0
Calculate the remainder when 441 is divided by (-54120)/(-704) - 2/(-16).
56
Suppose -2372*h + 4738*h + 156 = 2378*h. What is the remainder when 5848 is divided by h?
11
What is the remainder when 1558 is divided by ((-3408)/9)/(-4)*3/2?
138
What is the remainder when (-3 + 60/9)/((-35)/(-14805)) is divided by 74?
71
Let g = 20285 + -19653. What is the remainder when g is divided by 127?
124
Let h(j) = j**3 - 14*j**2 + 26*j + 1. Let w be 128/12 + 1 + 3/9. What is the remainder when 54 is divided by h(w)?
4
Suppose -4*v - 1606 + 2146 = -3*b, 2*b - 8 = 0. Calculate the remainder when 590 is divided by v.
38
Suppose 0 = 3*b + 71*l - 70*l - 915, 602 = 2*b - 2*l. What is the remainder when b is divided by 139?
26
Suppose 0 = 5*s - 173 + 33. Suppose -1072*a = -1073*a - 3*u + 458, 5*u - 912 = -2*a. Calculate the remainder when a is divided by s.
26
What is the remainder when 671 is divided by 7*(-24 + (-22340)/(-560) + (-2)/(-8))?
106
Let v = -1674 + 1695. Let a = -1 - -77. Calculate the remainder when a is divided by v.
13
Let o be (((-1113)/(-14))/(3/(-4)))/(-1). Suppose 128 = 4*t - 4*h, -h - o = -3*t - 0*h. What is the remainder when t is divided